f (0 - h) + (21 - 2)?
1
Let b be (3 - 1)/((-3)/(-6)). Suppose 4*w - 40 = -t, -5*t + 0*w + b*w = -104. What is the tens digit of t?
2
Let m = 9 - 14. Let g = m + 8. What is the units digit of g?
3
Suppose 0 = 3*o + 2*o - 160. Suppose -3*w - w = -o. What is the units digit of w?
8
What is the tens digit of 0 - 0 - (-211 + 6)?
0
Suppose -o - 40 = -b, 0 = o + 2*o + 6. Let r = b + -27. Suppose 4*j - 2*f - 32 = -0*j, -r = -j + 2*f. What is the units digit of j?
7
Let c(z) = 6*z - 3. What is the units digit of c(3)?
5
Suppose 0*t - 4 = 2*t. Let s = t - -2. Suppose -5*c = -s*c - 55. What is the units digit of c?
1
Suppose v + 0*v - 21 = 0. Suppose 3*p + 0 = v. What is the units digit of p?
7
Let s(p) = -3*p + 1. Let u be s(-1). Suppose 3*g = d + g - 5, -8 = -u*d + 5*g. What is the tens digit of d/(-18) + (-118)/(-12)?
1
Let l = 3 + -1. Let w(h) = -8*h - 2*h**l + h**2 + 0*h**2 + 6. What is the units digit of w(-8)?
6
Let o = 20 + 18. Suppose -5*x + o = -17. What is the units digit of x?
1
Let f(c) = -7*c**3 + 7*c**2 - c - 11. Let o(q) = 10*q**3 - 11*q**2 + q + 16. Let a(u) = -7*f(u) - 5*o(u). Let i = -13 - -19. What is the units digit of a(i)?
9
Suppose 0 = 5*s + 10, -s = -2*w - 3*w + 432. What is the units digit of w?
6
Let b = 104 + -72. What is the tens digit of b?
3
Suppose w = -0*w + 307. What is the hundreds digit of w?
3
Let b(o) = 6*o + 8. Suppose 5*i + 21 = v, 4*v + 8 = 5*i + 47. Let m be b(v). Suppose 3*p + 11 - m = 0. What is the units digit of p?
1
Suppose -5*w + 0*w - 40 = 0. What is the units digit of (3/2)/((-4)/w)?
3
Let x(u) = -4*u - 20. What is the tens digit of x(-9)?
1
Let k = -4 - -1. Let r(x) = -7*x**3 - 3*x**2 + 3. Let i be r(k). What is the tens digit of i/10*(-2)/(-3)?
1
Suppose 2*m + 2*m - 20 = 0. Suppose -14 = -m*i + 6. What is the units digit of i?
4
Suppose 5*t = -0*t + 60. Suppose k = 3*k - t. Suppose k*n + 5*v - 15 = 2*n, -v = -n + 15. What is the tens digit of n?
1
Let z be 147/6 - (-2)/4. Suppose 0 = -5*a + z, 32 - 85 = -3*u - a. What is the tens digit of u?
1
Suppose -3*n = -4*i - 4*n - 3, 4*i + 13 = n. Let g = i + 3. Let q = g - -4. What is the units digit of q?
5
What is the tens digit of (14/(-4))/((-2)/92)?
6
Let h be 2 + (1 + -5)*-1. What is the tens digit of 86/7 + h/(-21)?
1
What is the units digit of 28/5 + (-34)/(-85)?
6
What is the units digit of ((-37)/111)/((2/(-1038))/1)?
3
Let u be 3/(-1*(-3)/(-2)). Let s = u - 6. Let o = 0 - s. What is the units digit of o?
8
Suppose -5*z + 2*x - 4*x + 7 = 0, 4*z - 5*x - 32 = 0. Suppose -2 = -5*t - 5*s + 2*s, 0 = z*s + 3. What is the units digit of t/(5/2 + -2)?
2
Let o = -10 - -7. Let u be (-1 - -1)*o/6. Suppose u = 3*p + s + 4*s - 17, -s + 1 = 0. What is the units digit of p?
4
Suppose 16 = 3*q + 4. Let t = -2 + q. What is the units digit of t?
2
Let b(s) = 5*s - 2. Let m be b(-5). Let y = -39 - m. What is the units digit of 1/(2/y*-3)?
2
Let r(m) = m**3 - 3*m**2 + 2*m + 67. What is the tens digit of r(0)?
6
What is the units digit of 2/11 + (-3500)/(-110)?
2
Suppose -5*l = -g + 6*g - 170, -40 = -g - 3*l. What is the units digit of g?
1
What is the units digit of 2 - 1*31/(-1)?
3
Suppose -2*h = -b + h + 28, -4*b + 3*h + 67 = 0. Suppose -x - 6 = -b. What is the units digit of x?
7
Suppose 2*x - 94 = 16. Let b = x + -37. What is the units digit of b?
8
Suppose 0 = -q - 5, 21 - 64 = -3*c + 5*q. What is the units digit of c?
6
Suppose -2*i + 4*f - 8 = 0, i - 8 = f - 3*f. Suppose -4*a = 3*l + 2, -5 - 1 = 5*a + i*l. What is the units digit of (a/6)/(1/(-12))?
4
Suppose -3*k + 3*c = -4*k + 40, 108 = 4*k - c. Suppose 2*z - k = -0*z. What is the units digit of z?
4
Let u = 306 - 148. What is the units digit of u?
8
Suppose -n + 43 = -115. What is the tens digit of n?
5
Let v be 2 - (3 - 3/1). Suppose l + 25 = v*l - 5*h, -5*l + 4*h = -167. What is the tens digit of l?
3
Let c(y) = 11*y. Let o be c(1). Let x = o + -8. Suppose -x*b + 5 - 2 = 0. What is the units digit of b?
1
Let z be 910/21 - (-2)/3. Suppose -7*u + z = -3*u. What is the tens digit of u?
1
Let j(t) = 3*t - 3. Let b(p) = -14*p + 16. Let f(l) = 2*b(l) + 11*j(l). Let o be f(1). Suppose -o - 11 = 5*k, k - 92 = -5*s. What is the tens digit of s?
1
Let q be (-35)/20 + 2/(-8). Let u = 5 + q. Let a = u - -7. What is the tens digit of a?
1
Suppose -3*o + 4 + 2 = -5*z, -z = 3*o - 6. Let f(q) = -2*q + 2. Let u be f(o). What is the units digit of u/(-6) + (-68)/(-12)?
6
Suppose g - 45 = -2*g. What is the tens digit of (-16)/5*g/(-2)?
2
Let w(v) = v**2 + v - 4. Suppose -5*u = -u - 16. What is the tens digit of w(u)?
1
Let z be (-5 - (-1 + 0))/(-2). Suppose 5*w - 17 = o, -2*w = 2*o - z - 0. What is the units digit of w?
3
Let q = 10 + -2. Let a = 5 + q. What is the tens digit of a?
1
Let p be (-32)/(((-3)/(-2))/(-3)). Let l = p + -29. What is the tens digit of l?
3
Let h be (9 + 1)*(-4)/(-10). Let m = h + 9. What is the tens digit of m?
1
Suppose -5*f + 83 = 13. Let u be (-4)/(-10) - 12/30. Suppose -4*a + f + 2 = u. What is the units digit of a?
4
Let b = -12 - -17. Suppose b*o - 40 = 3*w, 0 = -0*o - 4*o + 2*w + 32. What is the units digit of o?
8
Let i = -160 - -278. Suppose 9 = 3*y, 5*g = 4*y + 30 + i. What is the tens digit of g?
3
Suppose -3*d = 4*q + 50, 0*q + 4*d - 36 = 4*q. Let z = -9 - q. Suppose -4*b - 8 = 0, -z*b = 2*p - 0*p. What is the units digit of p?
2
Suppose 71 + 303 = 11*y. What is the tens digit of y?
3
Suppose 450 = 5*l + d, 3*l = -8*d + 10*d + 257. What is the units digit of l?
9
Suppose 0 = -0*h + 5*h - 2*t - 32, -5*t = 5. Suppose h = -5*k + 46. What is the units digit of k?
8
Let o(g) = g**2 + 8*g + 8. Let w be o(-7). Let d = w - 1. What is the units digit of 3 - (d - (0 - 2))?
1
What is the units digit of (-88 + -2)*((-3)/(-5) + -1)?
6
Suppose w = 3*g + 9, 30 = w + 5*g - 11. What is the units digit of w?
1
Let i(r) = -r**3 + 9*r**2 - 2*r - 22. What is the tens digit of i(7)?
6
Suppose 3*d = -4*b - 21, -3*d + 0*d = -3*b - 21. Let a be b/(-9) - 52/6. Let s(y) = y**3 + 8*y**2 - 2*y - 10. What is the units digit of s(a)?
6
Suppose -3*k - 5 = 2*s, 0 = 3*s - 8*s - 5*k - 5. Suppose -s*m + 4*m - 28 = 0. What is the tens digit of m?
1
Suppose -a = -2*m - 0*m - 5, 3*m - 3*a = -9. Let r be -3 - (-7 + (m - -1)). Let h = 21 - r. What is the units digit of h?
6
Suppose 5*p = -3*z + 348, -2*z = -5*p + 2*z + 341. What is the units digit of p?
9
Let g be 16*(-2)/(-12)*-3. What is the tens digit of ((-30)/g)/(7/28)?
1
What is the tens digit of (-211)/(-4) - (2 + (-20)/16)?
5
Suppose 11*m - 52 = 7*m. What is the tens digit of m?
1
Let g(q) be the third derivative of -q**5/60 + q**4/3 - 5*q**3/3 + 2*q**2. Let k be g(7). Let y = 2 - k. What is the units digit of y?
5
Let o be (-8)/2*1 - 0. Let v(m) = -2*m**3 - 5*m**2 - 3*m - 4. Let b(t) = -t**3 - 2*t**2 - t - 2. Let l(n) = 5*b(n) - 3*v(n). What is the units digit of l(o)?
2
Suppose -12 = -l + 4*l. Let u = -3 - l. What is the units digit of u?
1
Suppose -3*v - 2*b + 44 = 0, -3*v + 2*v = 2*b - 20. Suppose -m - v = -3*m. What is the units digit of (-12)/(-5) - m/15?
2
Let i be (-4)/6*(1 + -46). Suppose 0*z - i = -3*z. Suppose z*m - 20 = 5*m. What is the units digit of m?
4
Suppose 0 = -5*d + 5*p + 5, -d + 0*p = -4*p + 11. Suppose d*r + 4*w = 190, -4*r - 5*w + 24 + 128 = 0. What is the tens digit of r?
3
Let r = 164 + -38. What is the units digit of r?
6
Let y(m) = -m**2 + 6*m. Let j be y(6). What is the tens digit of (-28 + 2)*(j + -1)?
2
Suppose -2*g + 38 = 5*f - f, -4*g = 4*f - 40. Suppose 3*b = f + 30. What is the tens digit of b?
1
Suppose 4*p = 5*h + 191, -250 = -5*p + 2*h + 2*h. Let c = p - 35. What is the tens digit of c?
1
Let j(s) = s**2 + 8*s + 3. Let n be (-12 - 0)/(6/4). Let q be j(n). Suppose 13 = 5*o + q. What is the units digit of o?
2
Suppose -2*y - 36 = -3*y. What is the units digit of y?
6
Let b(f) = f + 4. Let u(y) = 3*y + 13. Let s(g) = 11*b(g) - 4*u(g). Let d be s(-4). Let x = -2 - d. What is the units digit of x?
2
Suppose 4*g + 6 = 2. Let j be g/(-3) - 3/9. Suppose j = -2*i + 4, -5*k - 2 = 5*i - 87. What is the tens digit of k?
1
Suppose -2081 = -13*p + 2144. What is the tens digit of p?
2
Let i be -4 + 3 + 4 + -3. Let w(s) = -s**3 - 4*s**2 + 7*s - 1. Let v be w(-5). Let r = i - v. What is the units digit of r?
1
Let p(y) = 2*y - 14. Let n be p(-10).